he greatest common factor of 75603 and 22.
11
What is the highest common divisor of 300 and 24?
12
Calculate the highest common factor of 1650 and 715.
55
Calculate the greatest common factor of 31744 and 248.
248
What is the greatest common divisor of 308 and 330?
22
Calculate the highest common divisor of 5246 and 86.
86
Calculate the highest common divisor of 3852 and 252.
36
Calculate the greatest common factor of 170 and 110.
10
What is the highest common divisor of 1424 and 32?
16
What is the highest common factor of 150 and 2400?
150
Calculate the highest common factor of 19 and 4579.
19
What is the highest common factor of 143 and 22?
11
Calculate the greatest common factor of 299 and 65.
13
Calculate the greatest common factor of 116 and 377.
29
Calculate the highest common divisor of 118 and 19706.
118
What is the highest common factor of 58 and 58?
58
What is the highest common divisor of 56 and 112616?
56
Calculate the highest common factor of 40861 and 29.
29
Calculate the greatest common divisor of 4 and 30.
2
Calculate the highest common divisor of 763 and 218.
109
Calculate the highest common divisor of 387 and 225.
9
Calculate the greatest common factor of 1116 and 72.
36
What is the greatest common factor of 28 and 48?
4
Calculate the highest common divisor of 171 and 627.
57
Calculate the highest common factor of 112 and 528.
16
What is the highest common factor of 713 and 62?
31
What is the highest common factor of 3193 and 206?
103
Calculate the greatest common factor of 86 and 1333.
43
What is the highest common factor of 7770 and 735?
105
What is the greatest common factor of 2014 and 636?
106
What is the highest common factor of 1550 and 620?
310
Calculate the greatest common factor of 928 and 96.
32
Calculate the highest common factor of 460 and 1196.
92
Calculate the greatest common divisor of 2312 and 16.
8
What is the greatest common factor of 71 and 923?
71
Calculate the highest common divisor of 323 and 1995.
19
What is the highest common divisor of 30 and 108?
6
What is the highest common divisor of 232 and 261?
29
Calculate the highest common divisor of 1316 and 28.
28
Calculate the greatest common factor of 1332 and 6364.
148
What is the highest common divisor of 3020 and 20?
20
Calculate the highest common divisor of 3 and 16.
1
What is the greatest common divisor of 800 and 150?
50
Calculate the greatest common divisor of 348 and 96.
12
What is the highest common divisor of 242 and 1474?
22
What is the greatest common factor of 399 and 228?
57
Calculate the highest common divisor of 1263 and 9.
3
Calculate the greatest common factor of 664 and 8.
8
What is the highest common factor of 14 and 452?
2
What is the greatest common divisor of 22 and 10901?
11
What is the highest common factor of 37 and 481?
37
Calculate the highest common divisor of 74 and 851.
37
Calculate the greatest common factor of 98 and 14.
14
What is the highest common factor of 301 and 258?
43
Calculate the greatest common divisor of 332 and 4.
4
What is the greatest common factor of 22 and 13937?
11
What is the highest common factor of 43 and 2107?
43
Calculate the highest common divisor of 1365 and 315.
105
What is the highest common divisor of 897 and 273?
39
Calculate the greatest common factor of 24 and 708.
12
What is the greatest common factor of 49 and 35?
7
What is the highest common factor of 3128 and 136?
136
Calculate the greatest common factor of 161 and 115.
23
What is the highest common factor of 105 and 42?
21
What is the highest common factor of 2091 and 561?
51
Calculate the highest common factor of 16 and 584.
8
Calculate the greatest common factor of 26486 and 41.
41
What is the greatest common factor of 159 and 10547?
53
Calculate the highest common divisor of 3 and 111.
3
What is the highest common divisor of 5 and 151?
1
Calculate the highest common factor of 50 and 1550.
50
What is the greatest common factor of 1030 and 710?
10
What is the greatest common factor of 70 and 665?
35
Calculate the highest common factor of 26 and 30.
2
Calculate the greatest common factor of 63 and 1467.
9
Calculate the greatest common divisor of 10 and 58.
2
Calculate the greatest common factor of 286 and 22.
22
What is the greatest common divisor of 65 and 273?
13
What is the highest common factor of 32 and 71392?
32
Calculate the greatest common divisor of 408 and 136.
136
Calculate the highest common divisor of 826 and 1475.
59
What is the greatest common factor of 32 and 624?
16
Calculate the highest common factor of 13312 and 13.
13
Calculate the highest common divisor of 6183 and 153.
9
What is the highest common factor of 182 and 455?
91
What is the greatest common factor of 34 and 6?
2
Calculate the greatest common factor of 128 and 512.
128
Calculate the highest common factor of 696 and 48.
24
What is the highest common divisor of 3322 and 44?
22
What is the greatest common factor of 4546 and 2?
2
What is the highest common factor of 9 and 138?
3
What is the highest common divisor of 47 and 4841?
47
Calculate the highest common divisor of 22338 and 68.
34
What is the greatest common factor of 104 and 8?
8
Calculate the greatest common divisor of 143 and 26.
13
Calculate the greatest common factor of 6 and 42.
6
Calculate the greatest common factor of 319 and 33.
11
Calculate the highest common divisor of 462 and 1188.
66
What is the greatest common divisor of 4580 and 20?
20
What is the highest common factor of 66 and 12?
6
Calculate the greatest common factor of 70 and 98.
14
Calculate the highest common factor of 44 and 3212.
44
Calculate the highest common factor of 2006 and 170.
34
Calculate the greatest common divisor of 95 and 40.
5
Calculate the greatest common divisor of 253 and 46.
23
Calculate the greatest common divisor of 18 and 1665.
9
What is the greatest common divisor of 315 and 1953?
63
Calculate the highest common factor of 483 and 345.
69
What is the greatest common divisor of 230 and 40?
10
What is the highest common factor of 50 and 1450?
50
What is the highest common divisor of 1278 and 162?
18
What is the highest common divisor of 77 and 88?
11
Calculate the greatest common factor of 1233 and 81.
9
What is the highest common factor of 35 and 1120?
35
Calculate the greatest common divisor of 1540 and 112.
28
What is the greatest common divisor of 5 and 5150?
5
What is the greatest common factor of 504 and 10332?
252
What is the highest common factor of 10710 and 15?
15
Calculate the highest common factor of 93 and 279.
93
Calculate the highest common factor of 2212 and 4108.
316
Calculate the greatest common factor of 14076 and 459.
153
What is the greatest common factor of 336 and 3192?
168
What is the highest common factor of 9 and 42?
3
Calculate the greatest common divisor of 42 and 609.
21
Calculate the highest common factor of 68 and 731.
17
What is the greatest common divisor of 343 and 392?
49
What is the greatest common divisor of 28 and 220?
4
Calculate the greatest common factor of 47 and 517.
47
What is the highest common factor of 2227 and 131?
131
What is the greatest common divisor of 345 and 15?
15
What is the greatest common factor of 12 and 996?
12
What is the highest common factor of 119 and 136?
17
What is the greatest common divisor of 176 and 22?
22
What is the greatest common divisor of 9300 and 186?
186
What is the highest common divisor of 35483 and 518?
259
What is the greatest common factor of 108 and 84?
12
What is the greatest common factor of 22 and 59?
1
Calculate the highest common factor of 847 and 35.
7
Calculate the highest common divisor of 1430 and 130.
130
What is the greatest common factor of 1911 and 78?
39
What is the highest common divisor of 30 and 330?
30
Calculate the highest common factor of 3 and 27123.
3
Calculate the greatest common factor of 3 and 1.
1
What is the highest common factor of 2117 and 232?
29
Calculate the greatest common factor of 60 and 405.
15
Calculate the greatest common factor of 258 and 344.
86
Calculate the highest common divisor of 60 and 648.
12
Calculate the highest common factor of 16 and 1.
1
What is the greatest common factor of 147 and 91?
7
Calculate the greatest common factor of 37910 and 223.
223
What is the greatest comm